.
2, 13, 28087
What are the prime factors of 31808?
2, 7, 71
List the prime factors of 783323.
783323
What are the prime factors of 1258243?
7, 179749
What are the prime factors of 978637?
11, 43, 2069
List the prime factors of 209376.
2, 3, 727
List the prime factors of 35834620.
2, 5, 1791731
List the prime factors of 100391.
100391
What are the prime factors of 8383456?
2, 261983
List the prime factors of 24198184.
2, 877, 3449
What are the prime factors of 1539949?
197, 7817
List the prime factors of 1599400.
2, 5, 11, 727
What are the prime factors of 978970?
2, 5, 223, 439
What are the prime factors of 1347198?
2, 3, 31, 7243
List the prime factors of 13094.
2, 6547
List the prime factors of 1192598.
2, 11, 151, 359
What are the prime factors of 1266473?
13, 37, 2633
List the prime factors of 3334335.
3, 5, 222289
What are the prime factors of 51034?
2, 17, 19, 79
What are the prime factors of 18100915?
5, 7, 517169
List the prime factors of 4172142.
2, 3, 13, 89, 601
List the prime factors of 17055461.
103, 165587
List the prime factors of 778040.
2, 5, 53, 367
What are the prime factors of 15205807?
15205807
What are the prime factors of 576454?
2, 288227
List the prime factors of 3032440.
2, 5, 47, 1613
List the prime factors of 42702.
2, 3, 11, 647
List the prime factors of 689765.
5, 29, 67, 71
List the prime factors of 321608.
2, 7, 5743
List the prime factors of 1273539.
3, 439, 967
What are the prime factors of 489903?
3, 73, 2237
List the prime factors of 1182805.
5, 13, 31, 587
List the prime factors of 186855.
3, 5, 12457
What are the prime factors of 333322?
2, 11, 109, 139
List the prime factors of 670846.
2, 11, 30493
List the prime factors of 120545.
5, 24109
List the prime factors of 60057.
3, 6673
List the prime factors of 16548469.
7, 2364067
What are the prime factors of 126952?
2, 7, 2267
What are the prime factors of 306052?
2, 19, 4027
What are the prime factors of 483949?
19, 25471
What are the prime factors of 567983?
13, 43691
What are the prime factors of 331686?
2, 3, 18427
What are the prime factors of 279588?
2, 3, 23, 1013
List the prime factors of 547485.
3, 5, 17, 19, 113
What are the prime factors of 529725?
3, 5, 7, 1009
List the prime factors of 10412013.
3, 3470671
List the prime factors of 5593886.
2, 2796943
What are the prime factors of 17990675?
5, 17, 42331
What are the prime factors of 16157016?
2, 3, 131, 571
What are the prime factors of 1048251?
3, 79, 4423
List the prime factors of 251723.
211, 1193
List the prime factors of 460388.
2, 179, 643
What are the prime factors of 28426620?
2, 3, 5, 23, 20599
What are the prime factors of 773?
773
What are the prime factors of 29246?
2, 7, 2089
List the prime factors of 199292.
2, 49823
What are the prime factors of 896748?
2, 3, 74729
List the prime factors of 937.
937
List the prime factors of 48999.
3, 16333
List the prime factors of 1726006.
2, 863003
What are the prime factors of 20478761?
17, 1204633
List the prime factors of 2883296.
2, 13, 29, 239
List the prime factors of 8881770.
2, 3, 5, 383, 773
What are the prime factors of 354938?
2, 103, 1723
What are the prime factors of 3018549?
3, 19, 52957
List the prime factors of 1095732.
2, 3, 11, 2767
What are the prime factors of 119163?
3, 11, 23, 157
What are the prime factors of 5438663?
5438663
What are the prime factors of 4035560?
2, 5, 233, 433
What are the prime factors of 1104591?
3, 368197
List the prime factors of 1954757.
7, 41, 139
List the prime factors of 1999692.
2, 3, 55547
List the prime factors of 3178622.
2, 53, 157, 191
What are the prime factors of 820165?
5, 17, 9649
What are the prime factors of 279009?
3, 29, 1069
What are the prime factors of 3571397?
3571397
List the prime factors of 1550343.
3, 19, 59, 461
List the prime factors of 546572.
2, 13, 23, 457
List the prime factors of 11967161.
463, 25847
List the prime factors of 1305365.
5, 23, 11351
List the prime factors of 1939168.
2, 7, 11, 787
List the prime factors of 233936.
2, 14621
What are the prime factors of 7653804?
2, 3, 637817
List the prime factors of 1348507.
1348507
What are the prime factors of 1109611?
1109611
What are the prime factors of 2387645?
5, 13, 109, 337
List the prime factors of 12357620.
2, 5, 11, 56171
List the prime factors of 1595984.
2, 13, 7673
What are the prime factors of 78038?
2, 39019
List the prime factors of 15337271.
223, 68777
What are the prime factors of 12337519?
197, 62627
List the prime factors of 337549.
227, 1487
List the prime factors of 100385.
5, 17, 1181
List the prime factors of 176794.
2, 88397
What are the prime factors of 431441?
431441
What are the prime factors of 4551946?
2, 7, 347, 937
What are the prime factors of 62841?
3, 20947
List the prime factors of 103534.
2, 51767
List the prime factors of 4366815.
3, 5, 31, 9391
What are the prime factors of 186602?
2, 13, 7177
List the prime factors of 18304139.
7, 431, 6067
List the prime factors of 26773730.
2, 5, 2677373
List the prime factors of 553096.
2, 47, 1471
List the prime factors of 4525679.
1289, 3511
What are the prime factors of 1569?
3, 523
List the prime factors of 572438.
2, 193, 1483
List the prime factors of 132364.
2, 33091
What are the prime factors of 1572663?
3, 524221
List the prime factors of 583772.
2, 7, 20849
List the prime factors of 383429.
383429
List the prime factors of 64351.
7, 29, 317
What are the prime factors of 481531?
481531
List the prime factors of 10895991.
3, 83, 43759
List the prime factors of 686828.
2, 171707
List the prime factors of 8855599.
47, 188417
What are the prime factors of 1730290?
2, 5, 23, 7523
List the prime factors of 7551696.
2, 3, 157327
What are the prime factors of 359778?
2, 3, 61, 983
What are the prime factors of 832444?
2, 208111
List the prime factors of 511863.
3, 11, 15511
List the prime factors of 1748800.
2, 5, 1093
List the prime factors of 142044.
2, 3, 7, 19, 89
List the prime factors of 410182.
2, 23, 37, 241
What are the prime factors of 570813?
3, 190271
What are the prime factors of 143433?
3, 15937
What are the prime factors of 20048976?
2, 3, 29, 4801
What are the prime factors of 28389?
3, 9463
List the prime factors of 715177.
113, 6329
What are the prime factors of 21536240?
2, 5, 11, 24473
What are the prime factors of 141565?
5, 23, 1231
What are the prime factors of 6610928?
2, 413183
List the prime factors of 875033.
875033
List the prime factors of 4861360.
2, 5, 7, 8681
What are the prime factors of 3205296?
2, 3, 22259
What are the prime factors of 1723139?
11, 43, 3643
What are the prime factors of 120826?
2, 60413
What are the prime factors of 11512444?
2, 419, 6869
List the prime factors of 121187.
11, 23, 479
What are the prime factors of 143319?
3, 11, 43, 101
What are the prime factors of 2116023?
3, 7, 13, 23, 337
What are the prime factors of 5141109?
3, 197, 8699
List the prime factors of 1217542.
2, 691, 881
What are the prime factors of 34621?
89, 389
List the prime factors of 708171.
3, 113, 2089
List the prime factors of 1812044.
2, 13, 34847
List the prime factors of 521223.
3, 173741
List the prime factors of 730031.
17, 42943
List the prime factors of 5125920.
2, 3, 5, 59, 181
What are the prime factors of 4102923?
3, 11, 101, 1231
List the prime factors of 4357322.
2, 131, 16631
List the prime factors of 7113722.
2, 7, 11, 6599
What are the prime factors of 1188211?
191, 6221
List the prime factors of 227128.
2, 11, 29, 89
List the prime factors of 4796114.
2, 2398057
List the prime factors of 27119087.
27119087
What are the prime factors of 655570?
2, 5, 65557
List the prime factors of 1876177.
61, 30757
List the prime factors of 579439.
7, 23, 59, 61
List the prime factors of 31030625.
5, 131, 379
What are the prime factors of 5142226?
2, 2571113
What are the prime factors of 11980594?
2, 5990297
List the prime factors of 7729747.
17, 29, 15679
List the prime factors of 22705137.
3, 7, 13, 9241
List the prime factors of 6317658.
2, 3, 350981
List the prime factors of 6748013.
53, 127321
What are the prime factors of 2075232?
2, 3, 21617
What are the prime factors of 2205904?
2, 137869
What are the prime factors of 248525?
5, 9941
What are the prime factors of 283955?
5, 7, 19, 61
List the prim